{"id":2116,"date":"2025-02-04T10:25:07","date_gmt":"2025-02-04T10:25:07","guid":{"rendered":"https:\/\/livingbycarlos.test\/?page_id=2116"},"modified":"2025-02-04T12:11:38","modified_gmt":"2025-02-04T12:11:38","slug":"terminos-y-condiciones","status":"publish","type":"page","link":"https:\/\/livingbycarlos.com\/es\/terminos-y-condiciones\/","title":{"rendered":"T\u00e9rminos y condiciones"},"content":{"rendered":"\n<h3 class=\"wp-block-heading\">Oferta<\/h3>\n\n\n\n<p>Nuestra oferta est\u00e1 sujeta a cambios y se basar\u00e1 en la informaci\u00f3n proporcionada por el vendedor \/ propietario o de terceros. No podemos aceptar ninguna responsabilidad por la exactitud e integridad de la informaci\u00f3n.<br>Sujeto a errores y previa venta \/ alquiler est\u00e1n reservados.<\/p>\n\n\n\n<h3 class=\"wp-block-heading\">Transmisi\u00f3n de informaci\u00f3n<\/h3>\n\n\n\n<p>Nuestras ofertas y comunicaciones est\u00e1n destinadas exclusivamente a los destinatarios de las mismas. En caso de que se transmitan a terceros sin nuestro permiso, el destinatario de la oferta est\u00e1 obligado a pagar la comisi\u00f3n, una vez finalizado el contrato principal por un tercero a nosotros.<\/p>\n\n\n\n<h3 class=\"wp-block-heading\">Informaci\u00f3n<\/h3>\n\n\n\n<p>Este material se basa en informaci\u00f3n que consideramos fiable, pero debido a que ha sido suministrada por terceros, no podemos asegurar que sea exacta o completa, y no debe considerarse como tal. B\u00e1sicamente, recomendamos que un abogado especializado compruebe la situaci\u00f3n jur\u00eddica del inmueble.<\/p>\n\n\n\n<h3 class=\"wp-block-heading\">Impuestos y costes<\/h3>\n\n\n\n<p>Los impuestos, gastos de notar\u00eda y registro deben ser pagados por el comprador, la comisi\u00f3n por el vendedor seg\u00fan estipula la normativa espa\u00f1ola.<\/p>\n\n\n\n<h3 class=\"wp-block-heading\">Conocimientos previos<\/h3>\n\n\n\n<p>Si el destinatario de la oferta ya tiene conocimiento de la vendibilidad o arrendabilidad de un inmueble ofrecido por nosotros, se compromete a informarnos inmediatamente, a m\u00e1s tardar en un plazo de 8 d\u00edas, por escrito.<\/p>\n\n\n\n<h3 class=\"wp-block-heading\">Comisi\u00f3n<\/h3>\n\n\n\n<p>Salvo que se indique lo contrario en la oferta, el comprador no paga comisi\u00f3n. Esto no se aplica a los objetos de la acci\u00f3n bancaria. Para ello debe cerrarse un acuerdo de comisi\u00f3n de intermediaci\u00f3n ad-vance por separado. En caso de cierre de un contrato de alquiler \/ arrendamiento con una duraci\u00f3n de hasta 5 a\u00f1os, Private Property Mallorca cobrar\u00e1 al inquilino la suma de 2 meses de alquiler m\u00e1s IVA, sobre la base del alquiler mensual acordado contractualmente (en caso de alquiler escalonado el alquiler medio del periodo contractual fijado).<\/p>\n\n\n\n<h3 class=\"wp-block-heading\">Jurisdicci\u00f3n<\/h3>\n\n\n\n<p>La jurisdicci\u00f3n para los comerciantes plenamente cualificados es Palma de Mallorca.<\/p>\n\n\n\n<p>Las ofertas est\u00e1n sujetas a errores, omisiones y cambios de precio o retirada sin previo aviso.<\/p>\n","protected":false},"excerpt":{"rendered":"<p>Oferta Nuestra oferta est\u00e1 sujeta a cambios y se basar\u00e1 en la informaci\u00f3n proporcionada por el vendedor \/ propietario o de terceros. No podemos aceptar ninguna responsabilidad por la exactitud e integridad de la informaci\u00f3n.Sujeto a errores y previa venta \/ alquiler est\u00e1n reservados. Transmisi\u00f3n de informaci\u00f3n Nuestras ofertas y comunicaciones est\u00e1n destinadas exclusivamente a [&hellip;]<\/p>\n","protected":false},"author":1,"featured_media":0,"parent":0,"menu_order":0,"comment_status":"closed","ping_status":"closed","template":"","meta":{"inline_featured_image":false,"footnotes":""},"class_list":["post-2116","page","type-page","status-publish","hentry"],"_links":{"self":[{"href":"https:\/\/livingbycarlos.com\/es\/wp-json\/wp\/v2\/pages\/2116","targetHints":{"allow":["GET"]}}],"collection":[{"href":"https:\/\/livingbycarlos.com\/es\/wp-json\/wp\/v2\/pages"}],"about":[{"href":"https:\/\/livingbycarlos.com\/es\/wp-json\/wp\/v2\/types\/page"}],"author":[{"embeddable":true,"href":"https:\/\/livingbycarlos.com\/es\/wp-json\/wp\/v2\/users\/1"}],"replies":[{"embeddable":true,"href":"https:\/\/livingbycarlos.com\/es\/wp-json\/wp\/v2\/comments?post=2116"}],"version-history":[{"count":2,"href":"https:\/\/livingbycarlos.com\/es\/wp-json\/wp\/v2\/pages\/2116\/revisions"}],"predecessor-version":[{"id":2122,"href":"https:\/\/livingbycarlos.com\/es\/wp-json\/wp\/v2\/pages\/2116\/revisions\/2122"}],"wp:attachment":[{"href":"https:\/\/livingbycarlos.com\/es\/wp-json\/wp\/v2\/media?parent=2116"}],"curies":[{"name":"wp","href":"https:\/\/api.w.org\/{rel}","templated":true}]}}

Términos y condiciones

<h3 class="wp-block-heading">Oferta</h3>



<p>Nuestra oferta está sujeta a cambios y se basará en la información proporcionada por el vendedor / propietario o de terceros. No podemos aceptar ninguna responsabilidad por la exactitud e integridad de la información.<br>Sujeto a errores y previa venta / alquiler están reservados.</p>



<h3 class="wp-block-heading">Transmisión de información</h3>



<p>Nuestras ofertas y comunicaciones están destinadas exclusivamente a los destinatarios de las mismas. En caso de que se transmitan a terceros sin nuestro permiso, el destinatario de la oferta está obligado a pagar la comisión, una vez finalizado el contrato principal por un tercero a nosotros.</p>



<h3 class="wp-block-heading">Información</h3>



<p>Este material se basa en información que consideramos fiable, pero debido a que ha sido suministrada por terceros, no podemos asegurar que sea exacta o completa, y no debe considerarse como tal. Básicamente, recomendamos que un abogado especializado compruebe la situación jurídica del inmueble.</p>



<h3 class="wp-block-heading">Impuestos y costes</h3>



<p>Los impuestos, gastos de notaría y registro deben ser pagados por el comprador, la comisión por el vendedor según estipula la normativa española.</p>



<h3 class="wp-block-heading">Conocimientos previos</h3>



<p>Si el destinatario de la oferta ya tiene conocimiento de la vendibilidad o arrendabilidad de un inmueble ofrecido por nosotros, se compromete a informarnos inmediatamente, a más tardar en un plazo de 8 días, por escrito.</p>



<h3 class="wp-block-heading">Comisión</h3>



<p>Salvo que se indique lo contrario en la oferta, el comprador no paga comisión. Esto no se aplica a los objetos de la acción bancaria. Para ello debe cerrarse un acuerdo de comisión de intermediación ad-vance por separado. En caso de cierre de un contrato de alquiler / arrendamiento con una duración de hasta 5 años, Private Property Mallorca cobrará al inquilino la suma de 2 meses de alquiler más IVA, sobre la base del alquiler mensual acordado contractualmente (en caso de alquiler escalonado el alquiler medio del periodo contractual fijado).</p>



<h3 class="wp-block-heading">Jurisdicción</h3>



<p>La jurisdicción para los comerciantes plenamente cualificados es Palma de Mallorca.</p>



<p>Las ofertas están sujetas a errores, omisiones y cambios de precio o retirada sin previo aviso.</p>

<p>Oferta Nuestra oferta está sujeta a cambios y se basará en la información proporcionada por el vendedor / propietario o de terceros. No podemos aceptar ninguna responsabilidad por la exactitud e integridad de la información.Sujeto a errores y previa venta / alquiler están reservados. Transmisión de información Nuestras ofertas y comunicaciones están destinadas exclusivamente a [&hellip;]</p>
